{"id":39,"date":"2026-08-21T09:08:42","date_gmt":"2026-08-21T09:08:42","guid":{"rendered":"https:\/\/ehlm.beauty\/loja\/?post_type=product&#038;p=39"},"modified":"2026-08-21T09:09:02","modified_gmt":"2026-08-21T09:09:02","slug":"7coa007-andreia-tinta-cabelo-ap-veg-perm-0-ammonia-11-5-100ml","status":"publish","type":"product","link":"https:\/\/ehlm.beauty\/loja\/product\/7coa007-andreia-tinta-cabelo-ap-veg-perm-0-ammonia-11-5-100ml\/","title":{"rendered":"7COA007 &#8211; Andreia &#8211; Tinta Cabelo AP VEG PERM 0% AMMONIA 1:1.5 &#8211; 100ml"},"content":{"rendered":"<div class=\"flex max-w-full flex-col grow\">\n<div class=\"min-h-8 text-message relative flex w-full flex-col items-end gap-2 text-start break-words whitespace-normal [.text-message+&amp;]:mt-5\" dir=\"auto\" data-message-author-role=\"assistant\" data-message-id=\"fe215ca8-2f51-4e22-b696-091e824297b4\" data-message-model-slug=\"gpt-5\">\n<div class=\"flex w-full flex-col gap-1 empty:hidden first:pt-[3px]\">\n<div class=\"markdown prose dark:prose-invert w-full break-words light markdown-new-styling\">\n<p data-start=\"0\" data-end=\"302\" data-is-last-node=\"\" data-is-only-node=\"\"><strong data-start=\"2\" data-end=\"64\">Andreia \u2013 Tinta de Cabelo AP Veg Perm 0 Ammonia 11.5 100ml<\/strong> \u2013 Colora\u00e7\u00e3o vegana permanente, sem amon\u00edaco, que respeita a sa\u00fade dos fios enquanto garante uma cor intensa e luminosa. Proporciona cobertura uniforme, brilho duradouro e m\u00e1xima prote\u00e7\u00e3o durante a aplica\u00e7\u00e3o. Ideal para quem busca um resultado profissional com cuidado e suavidade.<\/p>\n<\/div>\n<\/div>\n<\/div>\n<\/div>\n<div class=\"flex min-h-[46px] justify-start\"><\/div>\n","protected":false},"excerpt":{"rendered":"<p>Andreia \u2013 Tinta de Cabelo AP Veg Perm 0 Ammonia 11.5 100ml \u2013 Colora\u00e7\u00e3o vegana permanente, sem amon\u00edaco, que respeita a sa\u00fade dos fios enquanto garante uma cor intensa e luminosa. Proporciona cobertura uniforme, brilho duradouro e m\u00e1xima prote\u00e7\u00e3o durante a aplica\u00e7\u00e3o. Ideal para quem busca um resultado profissional com cuidado e suavidade.<\/p>\n","protected":false},"featured_media":69,"comment_status":"open","ping_status":"closed","template":"","meta":[],"product_brand":[],"product_cat":[18],"product_tag":[],"class_list":["post-39","product","type-product","status-publish","has-post-thumbnail","product_cat-cabelo","first","instock","shipping-taxable","purchasable","product-type-simple"],"_links":{"self":[{"href":"https:\/\/ehlm.beauty\/loja\/wp-json\/wp\/v2\/product\/39","targetHints":{"allow":["GET"]}}],"collection":[{"href":"https:\/\/ehlm.beauty\/loja\/wp-json\/wp\/v2\/product"}],"about":[{"href":"https:\/\/ehlm.beauty\/loja\/wp-json\/wp\/v2\/types\/product"}],"replies":[{"embeddable":true,"href":"https:\/\/ehlm.beauty\/loja\/wp-json\/wp\/v2\/comments?post=39"}],"wp:featuredmedia":[{"embeddable":true,"href":"https:\/\/ehlm.beauty\/loja\/wp-json\/wp\/v2\/media\/69"}],"wp:attachment":[{"href":"https:\/\/ehlm.beauty\/loja\/wp-json\/wp\/v2\/media?parent=39"}],"wp:term":[{"taxonomy":"product_brand","embeddable":true,"href":"https:\/\/ehlm.beauty\/loja\/wp-json\/wp\/v2\/product_brand?post=39"},{"taxonomy":"product_cat","embeddable":true,"href":"https:\/\/ehlm.beauty\/loja\/wp-json\/wp\/v2\/product_cat?post=39"},{"taxonomy":"product_tag","embeddable":true,"href":"https:\/\/ehlm.beauty\/loja\/wp-json\/wp\/v2\/product_tag?post=39"}],"curies":[{"name":"wp","href":"https:\/\/api.w.org\/{rel}","templated":true}]}}

<div class="flex max-w-full flex-col grow">
<div class="min-h-8 text-message relative flex w-full flex-col items-end gap-2 text-start break-words whitespace-normal [.text-message+&amp;]:mt-5" dir="auto" data-message-author-role="assistant" data-message-id="fe215ca8-2f51-4e22-b696-091e824297b4" data-message-model-slug="gpt-5">
<div class="flex w-full flex-col gap-1 empty:hidden first:pt-[3px]">
<div class="markdown prose dark:prose-invert w-full break-words light markdown-new-styling">
<p data-start="0" data-end="302" data-is-last-node="" data-is-only-node=""><strong data-start="2" data-end="64">Andreia – Tinta de Cabelo AP Veg Perm 0 Ammonia 11.5 100ml</strong> – Coloração vegana permanente, sem amoníaco, que respeita a saúde dos fios enquanto garante uma cor intensa e luminosa. Proporciona cobertura uniforme, brilho duradouro e máxima proteção durante a aplicação. Ideal para quem busca um resultado profissional com cuidado e suavidade.</p>
</div>
</div>
</div>
</div>
<div class="flex min-h-[46px] justify-start"></div>

<p>Andreia – Tinta de Cabelo AP Veg Perm 0 Ammonia 11.5 100ml – Coloração vegana permanente, sem amoníaco, que respeita a saúde dos fios enquanto garante uma cor intensa e luminosa. Proporciona cobertura uniforme, brilho duradouro e máxima proteção durante a aplicação. Ideal para quem busca um resultado profissional com cuidado e suavidade.</p>
