{"id":37,"date":"2026-08-21T09:08:42","date_gmt":"2026-08-21T09:08:42","guid":{"rendered":"https:\/\/ehlm.beauty\/loja\/?post_type=product&#038;p=37"},"modified":"2026-08-21T09:08:57","modified_gmt":"2026-08-21T09:08:57","slug":"7cce001-andreia-ap-veg-color-coat-serum-100-ml","status":"publish","type":"product","link":"https:\/\/ehlm.beauty\/loja\/product\/7cce001-andreia-ap-veg-color-coat-serum-100-ml\/","title":{"rendered":"7CCE001 &#8211; Andreia &#8211; AP Veg Color Coat Serum 100 ml"},"content":{"rendered":"<div class=\"flex max-w-full flex-col grow\">\n<div class=\"min-h-8 text-message relative flex w-full flex-col items-end gap-2 text-start break-words whitespace-normal [.text-message+&amp;]:mt-5\" dir=\"auto\" data-message-author-role=\"assistant\" data-message-id=\"fe215ca8-2f51-4e22-b696-091e824297b4\" data-message-model-slug=\"gpt-5\">\n<div class=\"flex w-full flex-col gap-1 empty:hidden first:pt-[3px]\">\n<div class=\"markdown prose dark:prose-invert w-full break-words light markdown-new-styling\">\n<p data-start=\"0\" data-end=\"302\" data-is-last-node=\"\" data-is-only-node=\"\"><strong data-start=\"2\" data-end=\"45\">Andreia \u2013 AP Veg Color Coat Serum 100ml<\/strong> \u2013 S\u00e9rum vegano de tratamento intensivo para cabelos pintados, desenvolvido para proteger e real\u00e7ar a cor. Com f\u00f3rmula nutritiva, controla o frizz, proporciona brilho intenso e suavidade sem pesar. Ideal para manter os fios saud\u00e1veis, luminosos e com a cor vibrante por muito mais tempo.<\/p>\n<\/div>\n<\/div>\n<\/div>\n<\/div>\n<div class=\"flex min-h-[46px] justify-start\"><\/div>\n","protected":false},"excerpt":{"rendered":"<p>Andreia \u2013 AP Veg Color Coat Serum 100ml \u2013 S\u00e9rum vegano de tratamento intensivo para cabelos pintados, desenvolvido para proteger e real\u00e7ar a cor. Com f\u00f3rmula nutritiva, controla o frizz, proporciona brilho intenso e suavidade sem pesar. Ideal para manter os fios saud\u00e1veis, luminosos e com a cor vibrante por muito mais tempo.<\/p>\n","protected":false},"featured_media":67,"comment_status":"open","ping_status":"closed","template":"","meta":[],"product_brand":[],"product_cat":[18],"product_tag":[],"class_list":["post-37","product","type-product","status-publish","has-post-thumbnail","product_cat-cabelo","first","instock","sold-individually","shipping-taxable","purchasable","product-type-simple"],"_links":{"self":[{"href":"https:\/\/ehlm.beauty\/loja\/wp-json\/wp\/v2\/product\/37","targetHints":{"allow":["GET"]}}],"collection":[{"href":"https:\/\/ehlm.beauty\/loja\/wp-json\/wp\/v2\/product"}],"about":[{"href":"https:\/\/ehlm.beauty\/loja\/wp-json\/wp\/v2\/types\/product"}],"replies":[{"embeddable":true,"href":"https:\/\/ehlm.beauty\/loja\/wp-json\/wp\/v2\/comments?post=37"}],"wp:featuredmedia":[{"embeddable":true,"href":"https:\/\/ehlm.beauty\/loja\/wp-json\/wp\/v2\/media\/67"}],"wp:attachment":[{"href":"https:\/\/ehlm.beauty\/loja\/wp-json\/wp\/v2\/media?parent=37"}],"wp:term":[{"taxonomy":"product_brand","embeddable":true,"href":"https:\/\/ehlm.beauty\/loja\/wp-json\/wp\/v2\/product_brand?post=37"},{"taxonomy":"product_cat","embeddable":true,"href":"https:\/\/ehlm.beauty\/loja\/wp-json\/wp\/v2\/product_cat?post=37"},{"taxonomy":"product_tag","embeddable":true,"href":"https:\/\/ehlm.beauty\/loja\/wp-json\/wp\/v2\/product_tag?post=37"}],"curies":[{"name":"wp","href":"https:\/\/api.w.org\/{rel}","templated":true}]}}

<div class="flex max-w-full flex-col grow">
<div class="min-h-8 text-message relative flex w-full flex-col items-end gap-2 text-start break-words whitespace-normal [.text-message+&amp;]:mt-5" dir="auto" data-message-author-role="assistant" data-message-id="fe215ca8-2f51-4e22-b696-091e824297b4" data-message-model-slug="gpt-5">
<div class="flex w-full flex-col gap-1 empty:hidden first:pt-[3px]">
<div class="markdown prose dark:prose-invert w-full break-words light markdown-new-styling">
<p data-start="0" data-end="302" data-is-last-node="" data-is-only-node=""><strong data-start="2" data-end="45">Andreia – AP Veg Color Coat Serum 100ml</strong> – Sérum vegano de tratamento intensivo para cabelos pintados, desenvolvido para proteger e realçar a cor. Com fórmula nutritiva, controla o frizz, proporciona brilho intenso e suavidade sem pesar. Ideal para manter os fios saudáveis, luminosos e com a cor vibrante por muito mais tempo.</p>
</div>
</div>
</div>
</div>
<div class="flex min-h-[46px] justify-start"></div>

<p>Andreia – AP Veg Color Coat Serum 100ml – Sérum vegano de tratamento intensivo para cabelos pintados, desenvolvido para proteger e realçar a cor. Com fórmula nutritiva, controla o frizz, proporciona brilho intenso e suavidade sem pesar. Ideal para manter os fios saudáveis, luminosos e com a cor vibrante por muito mais tempo.</p>
